*q**2 + 7*q - 3. Let p be y(5). Let n(z) = -2*z**3 - 10*z**2 - 14*z + 7. Let x be n(-5). Calculate the highest common factor of p and x.
7
Let d(m) = 122*m**2 + 2*m - 1. Let u be d(1). Suppose 0 = 3*k - 5*n - 66, -k - 3*k - 5*n = -u. Calculate the highest common divisor of 81 and k.
27
Let i(d) be the first derivative of -2*d - 9/2*d**2 + 2. Let t be i(-3). Calculate the greatest common factor of t and 50.
25
Let j(p) = p**3 - 9*p**2 + 8*p + 5. Let d be j(6). Let c be (1 + d)/(6/(-4)). Let l be 260/c + 4/(-18). Calculate the highest common divisor of 14 and l.
7
Let j(x) = -4 - 27*x + 5 - 4 + 4. Let l be j(-2). What is the greatest common factor of l and 22?
11
Suppose -2*m = 4*t + t + 260, 580 = -4*m + 5*t. Let o = 225 + m. What is the highest common divisor of o and 34?
17
Let x be 78/(-4)*-2 + 0. Suppose -49 = p - 6*p + 3*z, -3*z + x = 3*p. Suppose 2*s - 45 = 21. What is the highest common factor of s and p?
11
Suppose -37 = -3*d + 4*g - 3*g, -25 = -5*g. Let r = 29 - d. Suppose 0 = 4*m - 45 + 5. What is the highest common factor of m and r?
5
Let y be 5*-1*(-1)/1. Let p be 2 + (0 + 1 - -2). What is the greatest common factor of y and p?
5
Suppose f + 15 = g, 5*g - 4*f = -6*f + 47. Suppose -g - 31 = -2*j. What is the highest common factor of j and 7?
7
Suppose 33 = -5*n + 293. Suppose -4*b - n = -2*w, b = 3*w - 2*w - 22. Calculate the greatest common factor of w and 36.
18
Let k be 385/4 - 8/32. Calculate the greatest common divisor of k and 16.
16
Suppose -x = -3*x - 4. Let r be (0 - -3) + 2/x. Suppose 5*d - 5*t = 6 - 16, 0 = -d - 4*t + 18. Calculate the greatest common divisor of r and d.
2
Suppose 4*v - 68 = 3*s, 6*v = v + s + 96. Calculate the greatest common divisor of 20 and v.
20
Let v be (-22)/33 + (-47)/(-3). What is the highest common factor of 105 and v?
15
Let u be 3 - -15*1 - (2 + -5). Let a(s) = s**3 - 6*s**2 - 3*s - 7. Let x be a(7). What is the greatest common factor of x and u?
21
Let h(l) = -l**2 - 3*l + 3. Let x be h(-3). Suppose -5*r = 3*p - 3*r - 11, p - 5*r + 19 = 0. What is the greatest common divisor of x and p?
1
Suppose -i + 5*k + 14 = 2*i, -4*i - 12 = k. Let z be (-16)/(-4) - 0/i. Calculate the highest common factor of z and 4.
4
Suppose 1 = -2*d + u + 5, 3 = 3*d - 3*u. What is the highest common divisor of d and 6?
3
Let t be 13 - 198 - 6/(-2). Let z = t + 326. Let c be -36*(-2)/(-4)*-1. Calculate the greatest common divisor of c and z.
18
Let h(r) be the third derivative of 4*r**4/3 + 11*r**3/6 + 3*r**2. Let y be h(6). What is the greatest common divisor of 29 and y?
29
Let m(y) = y**2 - 7*y - 3. Let p be m(8). Let v be p/(-10)*(-50 - 0). Calculate the highest common factor of v and 5.
5
Suppose -5*u - 28 + 68 = 0. Let r = 9 + 3. Calculate the greatest common divisor of u and r.
4
Let x = -42 - -90. Let k(v) = 2*v**2 + 12*v + 16. Let h be k(-5). What is the greatest common factor of x and h?
6
Let o(m) = 3*m**2 - 2*m. Suppose -4*v + 9 = -5*r, -2*r - v = -5*r - 11. Let w = 2 + r. Let k be o(w). What is the highest common factor of k and 3?
3
Let c(t) = -7*t**2 - 3*t - 4. Let o be c(-2). Let q = o + 98. What is the greatest common divisor of q and 9?
9
Suppose -y - 4*y + 510 = 0. Calculate the greatest common factor of y and 34.
34
Let n(y) = y**2 + 4*y. Let q be n(5). Suppose 2*g = 8*g - 18. Suppose -5*m = -g*f + f + 21, -66 = -4*f + 2*m. What is the highest common divisor of q and f?
9
Let z(q) be the third derivative of -q**5/12 - q**4/12 + q**3/3 - 4*q**2. Let p be z(-2). Let l be 10*12/p*-7. Calculate the highest common divisor of 24 and l.
12
Let x = 44 + -18. What is the highest common factor of x and 65?
13
Suppose -3*w - 5*a + 2*a + 33 = 0, -27 = -3*w - a. Let i = -39 + 76. Let z = 109 - i. Calculate the greatest common divisor of z and w.
8
Suppose 11 + 29 = 4*v. Let r be (-1)/(-4) + (-62)/(-8). Let u be (-12)/r + 13/2. What is the highest common factor of u and v?
5
Suppose 0 = -3*h + 7*h. Suppose -f + 0*f = h. Suppose f*n = 3*n - 12. Calculate the greatest common divisor of n and 44.
4
Suppose -5*v + v - 88 = 0. Let n = 2 - v. Calculate the greatest common factor of 6 and n.
6
Suppose 0 = 5*m - 4*m - 154. What is the greatest common divisor of m and 14?
14
Let g be (-6)/9 - 106/(-6). Let t = g - 10. Let z(c) = -c**3 - 3*c**2 + 7*c - 3. Let r be z(-6). What is the highest common divisor of t and r?
7
Let u(y) = 2*y**2 - 4*y + 3. Let v be u(2). Suppose 7 = v*q - 4*x - 28, 0 = -q + 2*x + 15. What is the greatest common factor of 25 and q?
5
Suppose 3*p = 4*f + 7*p - 12, -4*f - 2*p = -16. Suppose 3*n + 2*n = 10. Calculate the greatest common factor of f and n.
1
Let g(o) = 35*o + 2. Let u be g(2). What is the highest common divisor of 8 and u?
8
Let v be (2 + 1)/(-2 + 3). Let o be 0/(-3) - -2 - v. Let m = 12 - o. Calculate the highest common factor of 52 and m.
13
Suppose -4*h + 6*h = 24. Calculate the greatest common factor of 24 and h.
12
Suppose 2*t = -9*t + 4554. Calculate the greatest common factor of t and 46.
46
Let y(u) = u + 9. Suppose 0*b - 5*b = 35. Let l be y(b). Calculate the highest common divisor of 6 and l.
2
Suppose -12 = -3*c + 2*x - 5*x, -2*c + 4*x = -38. What is the highest common factor of c and 81?
9
Let j(f) = 86*f + 2. Let y be j(1). Suppose 64 = 2*w + 2*w. Suppose 0 = -v + w + 6. What is the greatest common factor of y and v?
22
Let t = -845 - -1373. Calculate the highest common divisor of 48 and t.
48
Let y = 91 - 6. What is the highest common factor of 17 and y?
17
Let k be (6 - -2)*(-2)/(-4). Suppose -4*m = 4*r - 5*m - 179, 0 = -5*r + k*m + 221. Let g be -2 + -2 + 2 + 11. What is the greatest common divisor of g and r?
9
Let p be ((-3)/2)/(1/(-20)). Let k be (3 - -41) + 1 + 0. What is the greatest common divisor of k and p?
15
Let z be 5 - -4 - (3 + 0). Let k(w) = -w**2 + 6*w - 5. Let b be k(4). Let r = 5 - b. What is the highest common divisor of r and z?
2
Let z(d) = d**2 + 6*d - 3. Let k be z(6). Let p = k - 49. What is the greatest common factor of p and 140?
20
Let m(y) = 56*y**2 - y + 1. Let l be m(1). Let t = l + -22. Let b = 69 - t. Calculate the highest common factor of 14 and b.
7
Let g(s) = -s**2 - 3*s + 2. Let a be g(-3). Suppose -a*y - 2*y = -24. Calculate the highest common factor of y and 48.
6
Suppose -2*z = -7*z + 65. Let b = -3 + z. Calculate the highest common factor of b and 15.
5
Let l = -60 - -99. Let b = 57 - l. Let s = 22 - 10. What is the greatest common factor of s and b?
6
Let t = -184 + 226. What is the highest common factor of 6 and t?
6
Let z be -3 + (2 - -1 - 2). Let x(k) = -k**2 - 2*k + 2. Let w be x(z). What is the highest common factor of 16 and w?
2
Suppose 41 - 3 = -q. Let i be q/(-4) - 6/4. Calculate the greatest common factor of i and 8.
8
Let n be 0 + (31 - -2)*1. Suppose 0 = -6*x + 3*x + 297. What is the greatest common divisor of x and n?
33
Let o = 72 + -16. Calculate the highest common divisor of 7 and o.
7
Suppose -2*w - 2*w + 3*n - 7 = 0, 3*w = -3*n + 21. Suppose 0 = w*j - 25 - 7. Let g = j - -1. What is the greatest common factor of g and 119?
17
Let g(p) = 4*p**2 - 5*p + 2. Let m be g(-2). Calculate the greatest common divisor of m and 28.
28
Let k = 15 + 4. Calculate the highest common divisor of 133 and k.
19
Suppose -15 = -2*j + 5*j. Let w be (4/j)/((-2)/20). Calculate the greatest common factor of 64 and w.
8
Suppose -5*h = 4*i - 161, i + 2*i = -2*h + 63. Calculate the highest common factor of h and 264.
33
Let h(m) = -4*m - m + 2*m + 4 + 3*m**2 - 5. Let y be h(3). Let k be (-2)/4 + (-309)/(-6). What is the greatest common divisor of k and y?
17
Let l(n) = -8*n**2 - 7 + 29*n**2 + 8. Let g be l(-1). What is the highest common factor of g and 55?
11
Let h = 61 + -31. Suppose -6 = -i + h. Let c = 6 + 3. Calculate the highest common divisor of c and i.
9
Let c(m) = m**2 + m + 79. Let k be c(0). Let f = k - 23. What is the highest common factor of 14 and f?
14
Let x(s) be the second derivative of s**3/6 - 3*s**2 + 2*s. Let p be x(-6). Let m be (-15)/6*p - 2. Calculate the highest common factor of 14 and m.
14
Let y(x) = 30*x. Let v be y(2). Suppose -4*k + v = -116. What is the greatest common factor of k and 11?
11
Suppose 1 = d + 2. Let j be 168/(d - -5) + 3. Let p = -9 + 24. What is the highest common factor of p and j?
15
Let 